474. Give x(-89).
-579
Let u(h) = 591*h - 106388. What is u(180)?
-8
Let v(w) = -42081*w + 210405. Determine v(5).
0
Let x(c) = 25587*c - 1688766. Calculate x(66).
-24
Let a(t) = 687*t**2 + 223272*t - 970. Determine a(-325).
5
Let g(r) = 9*r**2 - 495*r - 2700. Determine g(60).
0
Let n(f) = -2*f**3 - 26*f**2 - 82*f - 755. Calculate n(-12).
-59
Let k(j) = 11146*j**2 - 133753*j + 28. What is k(12)?
16
Let j(u) = -u**2 + 9124*u - 4595119. Give j(535).
-4
Let r(l) = -l**2 - 70*l + 3702. Determine r(38).
-402
Let n(t) = 44*t**2 + 1359*t - 183. Calculate n(-31).
-28
Let q(m) = -78*m**2 - 2267*m + 26741. Give q(9).
20
Let r(j) = 147*j - 3545. Calculate r(14).
-1487
Let y(m) = -138*m + 542. Calculate y(2).
266
Let v(z) = 3*z**2 - 6*z + 42. Determine v(4).
66
Let k(u) = -12954*u - 336823. Calculate k(-26).
-19
Let a(v) = v**3 + 14*v**2 - 8*v + 146. What is a(-10)?
626
Let u(g) = -3*g**2 - 5147*g + 414106. Calculate u(77).
0
Let a(n) = -43216*n - 11279383. Give a(-261).
-7
Let l(y) = -3*y**2 - 2011*y + 8064. Give l(4).
-28
Let b(v) = -13024*v - 677248. Calculate b(-52).
0
Let m(n) = 21467*n + 214657. What is m(-10)?
-13
Let k(s) = s**3 - 203*s**2 + 2495*s - 457. What is k(13)?
-132
Let t(h) = 42*h**2 - 7894*h - 16362. Give t(190).
-22
Let n(o) = 3*o**2 - 912*o + 24566. What is n(30)?
-94
Let g(f) = -7879*f - 1205459. Determine g(-153).
28
Let n(a) = 404*a - 167. Give n(2).
641
Let y(w) = 2*w**2 + 187339*w - 749397. Determine y(4).
-9
Let c(n) = 47452*n + 237045. What is c(-5)?
-215
Let c(m) = 2*m**3 - 759*m**2 - 4585*m - 8. What is c(-6)?
-254
Let m(s) = -s**3 + 3*s**2 - 950*s + 948. Determine m(1).
0
Let o(l) = -5*l**2 - 380*l + 7749. Calculate o(-93).
-156
Let b(x) = -41*x**3 - 12*x**2 - 247*x + 500. Determine b(2).
-370
Let g(u) = 1487*u**2 + 4471*u + 24. Give g(-3).
-6
Let d(n) = n**3 - 387*n**2 - 383*n - 2632. Calculate d(388).
-692
Let r(l) = -l**2 + 383*l - 33006. Determine r(132).
126
Let j(o) = -63826*o + 191476. Calculate j(3).
-2
Let p(k) = 6*k**2 + 2361*k - 377330. Determine p(122).
16
Let j(o) = 8128*o - 48741. Determine j(6).
27
Let l(b) = 13355*b - 66887. Calculate l(5).
-112
Let t(f) = -f**3 - 45*f**2 + 1382*f - 254. What is t(-66)?
10
Let r(g) = g**3 + 486*g**2 - 68405*g - 2981. What is r(-600)?
19
Let u(y) = 2733*y - 2724. Calculate u(1).
9
Let p(j) = -8246*j - 189695. Calculate p(-23).
-37
Let p(t) = 3*t**2 + 206*t + 3639. What is p(-34)?
103
Let p(f) = 4*f**3 + 1032*f**2 + 35*f + 9019. Determine p(-258).
-11
Let i(n) = n**3 - 5*n**2 - 103*n - 11. Calculate i(-5).
254
Let q(f) = -f**2 + 150*f - 391. Calculate q(148).
-95
Let f(c) = -6*c**2 - 1476*c + 33650. What is f(-267)?
8
Let h(w) = -3951*w + 3018660. Give h(764).
96
Let a(n) = 6959*n + 194859. Calculate a(-28).
7
Let a(q) = -2*q**2 + 7996*q - 103603. Calculate a(13).
7
Let b(z) = z**2 + 2052*z - 406595. Determine b(182).
-7
Let o(q) = -1793*q + 12843. Determine o(8).
-1501
Let i(g) = -40*g**2 + 163*g - 127. Determine i(3).
2
Let t(g) = 3*g**2 - 189*g + 1029. Determine t(62).
843
Let h(d) = d**3 + 60*d**2 - 2839*d + 551. What is h(31)?
-7
Let x(c) = 137*c**2 - 25605*c - 25605. Give x(-1).
137
Let m(f) = -4*f**2 + 175*f - 61. Calculate m(45).
-286
Let q(g) = -g**3 - 52*g**2 + 654*g - 1441. What is q(-63)?
1016
Let l(d) = -254*d + 642. Give l(3).
-120
Let q(b) = 450*b + 4576. Calculate q(-11).
-374
Let o(n) = 32442*n - 64938. Give o(2).
-54
Let v(w) = -261*w**3 - 4430*w**2 + 116*w - 46. What is v(-17)?
5
Let j(p) = 3*p**3 - 374*p**2 + 245*p + 328. Give j(124).
-44
Let h(i) = -470*i**3 + 20*i**2 + 30*i - 25. Calculate h(1).
-445
Let y(s) = -s**3 - 129*s**2 - 1816*s - 580. What is y(-113)?
324
Let m(t) = -6*t**2 + 2774*t + 11180. Give m(-4).
-12
Let f(t) = 22*t**3 - 11*t**2 + 11*t - 5. Calculate f(2).
149
Let n(x) = -80*x**2 - 252*x - 39. Give n(-3).
-3
Let p(t) = -205*t - 99000. Calculate p(-483).
15
Let s(v) = -27416*v + 7237805. Determine s(264).
-19
Let p(d) = 177*d**2 - 1276*d + 4. What is p(8)?
1124
Let t(p) = p**2 - 11216*p + 2741548. Calculate t(250).
48
Let o(n) = -15553*n - 1477551. Give o(-95).
-16
Let f(h) = -h**3 - 24*h**2 + 3749*h + 93095. What is f(-25)?
-5
Let k(z) = 2*z**3 + 30*z**2 + 154*z + 41. What is k(-12)?
-943
Let p(d) = -9195*d + 46074. What is p(5)?
99
Let f(l) = -28857*l + 115414. Give f(4).
-14
Let c(u) = -2*u**3 - 56*u**2 + 222*u - 1092. Give c(-32).
-4
Let f(k) = -4*k**2 - 135684*k + 949738. Give f(7).
-246
Let w(t) = t**3 - 34*t**2 - 106*t + 5875. What is w(15)?
10
Let n(q) = -5481*q + 147976. Determine n(27).
-11
Let l(z) = -4929*z + 1069584. What is l(217)?
-9
Let a(t) = -20566*t + 596277. Calculate a(29).
-137
Let q(v) = -3*v**3 - 51*v**2 - 181*v + 273. Calculate q(-8).
-7
Let o(z) = -903*z + 4117. Give o(5).
-398
Let b(j) = -7578*j - 2356758. What is b(-311)?
0
Let g(q) = q**2 + 12674*q - 2183469. Determine g(170).
11
Let d(z) = 78*z**2 + 2535*z - 1287. Determine d(-33).
0
Let u(v) = v**3 - 172*v**2 + 5284*v - 539. Determine u(132).
-11
Let l(t) = -539*t + 15457. Determine l(29).
-174
Let j(z) = 1829*z**2 - 73169*z + 361. What is j(40)?
1
Let k(j) = -9429*j + 28304. Calculate k(3).
17
Let z(x) = -2*x**3 - 700*x**2 - 2195*x - 39181. What is z(-347)?
30
Let l(t) = 27*t**2 + 115*t + 229. Give l(-2).
107
Let s(q) = -3*q**3 + 8*q**2 + 86*q - 618. What is s(7)?
-653
Let i(w) = 95704*w - 3349571. Give i(35).
69
Let l(j) = -2588*j + 64725. What is l(25)?
25
Let g(o) = 12*o**2 - 5391*o + 166067. What is g(416)?
83
Let d(k) = -3*k**2 - 67997*k - 67987. Calculate d(-1).
7
Let m(d) = -9*d**2 - 872*d - 12735. What is m(-18)?
45
Let v(p) = 95*p**2 - 1389*p + 158. What is v(15)?
698
Let x(c) = 2322*c**2 + 58044*c - 126. Give x(-25).
24
Let g(l) = 371*l + 236693. Determine g(-638).
-5
Let k(a) = -1005*a**2 + 50254*a - 199. What is k(50)?
1
Let l(v) = -200*v - 2802. Calculate l(-14).
-2
Let r(i) = -3849*i + 218241. What is r(57)?
-1152
Let u(t) = -170*t - 2376. Determine u(-17).
514
Let d(i) = -i**3 + 535*i**2 + 1142*i - 36516. Give d(537).
0
Let w(a) = -a**2 - 2441*a + 44235. Determine w(18).
-27
Let r(g) = -5*g**2 + 80*g - 171. What is r(11)?
104
Let h(r) = -195*r + 3914. Determine h(20).
14
Let g(y) = -1369*y**3 + y**2 + 15*y - 16. Give g(1).
-1369
Let k(j) = 1958*j**2 - 108*j + 105. Give k(1).
1955
Let t(v) = -v**3 - 42*v**2 + 226*v - 12. Give t(6).
-384
Let c(n) = -n**3 + 33*n**2 + 1199*n - 39616. What is c(34)?
-6
Let h(y) = 3929*y - 176823. What is h(45)?
-18
Let a(z) = -1170871*z + 5854357. Determine a(5).
2
Let t(b) = b**3 + 161*b**2 - 317*b - 12. Give t(2).
6
Let o(g) = -1613*g - 21037. Calculate o(-13).
-68
Let p(d) = -d**3 + 136*d**2 + 374*d + 5846. Determine p(139).
-131
Let j(b) = b**3 - 26*b**2 - 71*b + 448. Calculate j(28).
28
Let h(o) = o**3 - 3166*o**2 - 34933*o + 61. Give h(-11).
-93
Let i(v) = -32*v**2 + 2649*v - 12420. Calculate i(5).
25
Let v(o) = 4071*o**3 + 7*o**2 + 8*o - 2. What is v(1)?
4084
Let c(l) = 114*l**2 + 19265*l - 342. Give c(-169).
-173
Let n(p) = 150*p**2 - 7319*p - 50. Calculate n(49).
1469
Let r(i) = 1925567*i - 30809066. Give r(16).
6
Let s(m) = -423*m + 19000. Give s(45).
-35
Let j(m) = 178*m - 1555. Determine j(1).
-1377
Let z(u) = -11601*u + 197600. Give z(17).
383
Let w(n) = 13277*n - 1394080. What is w(105)?
5
Let h(y) = -7*y**3 + 3*y**2 + 212*y + 2. Determine h(0).
2
Let f(u) = 1385*u - 3055. What is f(2)?
-285
Let h(v) = -33072*v + 8. What is h(0)?
8
Let q(w) = 549*w**2 - 5497*w + 74. Calculate q(10).
4
Let j(h) = 305*h - 157390. Give j(516).
-10
Let z(d) = -3493*d - 63407. Calculate z(-19).
2960
Let f(k) = -k**3 + 47*k**2 - 744*k + 16848. Determine f(39).
0
Let m(c) = -143*c**2 + 1437*c + 20. Give m(10).
90
Let v(s) = -31*s**2 - 2821*s - 104. Determine v(-91).
-104
Let u(t) = -6959*t - 167012. Calculate u(-24).
4
Let t(g) = 11*g**3 + 773*g**2 - 574*g - 385. What is t(-71)?
41
Let a(m) = 1527*m + 3018. Give a(-2).
-36
Let g(h) = 589*h + 2356. Give g(-4).
0
Let a(y) = -5*y**3 + 1058*y**2 - 644*y + 2321. What is a(211)?
0
Let w(m) = -3*m**2 + 188*m - 4402. What is w(37)?
-1553
Let q(t) = 2*t**2 + 2629*t + 49428. Determine q(-19).
199
Let d(v) = -4125*v - 57831. What is d(-14)?
-81
Let i(w) = -2*w**2 + 41*w + 2518. What is i(-31)?
-675
Let r(v) = 55*v - 1802. What is r(15)?
-977
Let f(u) = 9*u**2 - 1426*u + 28432. What 